{"id":244,"date":"2023-08-26T18:10:01","date_gmt":"2023-08-26T16:10:01","guid":{"rendered":"https:\/\/orionjdr.fr\/?post_type=product&#038;p=244"},"modified":"2025-12-09T12:05:10","modified_gmt":"2025-12-09T11:05:10","slug":"noc-livre-de-base","status":"publish","type":"product","link":"https:\/\/orionjdr.fr\/?product=noc-livre-de-base","title":{"rendered":"NOC \u2013 Livre de base"},"content":{"rendered":"<p>VOUS \u00caTES LE DERNIER ESPOIR DE L\u2019HUMANIT\u00c9<\/p>\n<p>La nuit est tomb\u00e9e sur le monde. La Terre a \u00e9t\u00e9 engloutie par l\u2019Artefact, un objet impossible surgi du fond de l\u2019espace et du temps. Il s\u2019est repli\u00e9 sur elle en une \u00e9treinte cosmique, se substituant au ciel et aux \u00e9toiles.<\/p>\n<p>Condamn\u00e9e \u00e0 la r\u00e9gression, l\u2019humanit\u00e9 s\u2019est fragment\u00e9e en \u00eelots de lumi\u00e8re. La population est retranch\u00e9e derri\u00e8re les murs fortifi\u00e9s de cit\u00e9s-\u00c9tats autonomes : les Blocs. Elle ob\u00e9it aux injonctions de l\u2019Administration, une structure autoritaire supranationale qui \u0153uvre officiellement \u00e0 pr\u00e9server la race humaine en collaboration avec l\u2019\u00e9nigmatique Artefact.<\/p>\n<p>Broy\u00e9s par les contraintes de ce nouvel ordre, les hommes et les femmes poursuivent pourtant leur existence. Ils travaillent, combattent, souffrent, aiment, croient, esp\u00e8rent. Certains doutent.<\/p>\n<p>Pour ces dissidents, ces non-conformes, il ne s\u2019agit pas seulement de briser ses cha\u00eenes. Il s\u2019agit de dissiper la nuit et les mensonges, de plonger dans l\u2019Artefact pour percer le secret de ses origines, d\u2019accomplir la geste prom\u00e9th\u00e9enne qui offrira une nouvelle aube \u00e0 l\u2019humanit\u00e9.<\/p>\n<p>Devenez un H\u00e9ros de la nuit.<\/p>\n<h3>Contenu<\/h3>\n<ul>\n<li>le contexte d\u00e9taill\u00e9 et \u00e9tendu sur l\u2019histoire du monde et sur les Blocs : soci\u00e9t\u00e9 et mode de vie, techniques et technologie, us et coutumes, groupes et factions, enjeux et nombreuses pistes de sc\u00e9narios ;<\/li>\n<li>le syst\u00e8me de jeu Nocturne complet ;<\/li>\n<li>un cadre de jeu d\u00e9taill\u00e9 : la cit\u00e9 d\u2019Olom\u00f3c, antichambre de Prague, entre mar\u00e9cages putrides et usines de pointe ;<\/li>\n<li>les secrets de l\u2019univers, \u00e0 destination du meneur de jeu ;<\/li>\n<li>des conseils pour appr\u00e9hender NOC et y mener des parties ;<\/li>\n<li>une galerie de personnages non-joueurs et de cr\u00e9atures venues d\u2019ailleurs ;<\/li>\n<li>un recueil de mat\u00e9riel illustr\u00e9.<\/li>\n<\/ul>\n<p>A4, 300 pages couleur, couverture rigide, TVA comprise.<\/p>\n","protected":false},"excerpt":{"rendered":"<p>VOUS \u00caTES LE DERNIER ESPOIR DE L\u2019HUMANIT\u00c9 La nuit est tomb\u00e9e sur le monde. La Terre a \u00e9t\u00e9 engloutie par l\u2019Artefact, un objet impossible surgi du fond de l\u2019espace et du temps. Il s\u2019est repli\u00e9 sur elle en une \u00e9treinte cosmique, se substituant au ciel et aux \u00e9toiles. Condamn\u00e9e \u00e0 la r\u00e9gression, l\u2019humanit\u00e9 s\u2019est fragment\u00e9e &hellip;<\/p>\n<p class=\"read-more\"> <a class=\"\" href=\"https:\/\/orionjdr.fr\/?product=noc-livre-de-base\"> <span class=\"screen-reader-text\">NOC \u2013 Livre de base<\/span> Lire la suite\u00a0\u00bb<\/a><\/p>\n","protected":false},"featured_media":242,"comment_status":"open","ping_status":"closed","template":"","meta":{"site-sidebar-layout":"default","site-content-layout":"","ast-site-content-layout":"","site-content-style":"default","site-sidebar-style":"default","ast-global-header-display":"","ast-banner-title-visibility":"","ast-main-header-display":"","ast-hfb-above-header-display":"","ast-hfb-below-header-display":"","ast-hfb-mobile-header-display":"","site-post-title":"","ast-breadcrumbs-content":"","ast-featured-img":"","footer-sml-layout":"","theme-transparent-header-meta":"","adv-header-id-meta":"","stick-header-meta":"","header-above-stick-meta":"","header-main-stick-meta":"","header-below-stick-meta":"","astra-migrate-meta-layouts":""},"product_cat":[23],"product_tag":[],"yoast_head":"<!-- This site is optimized with the Yoast SEO plugin v21.2 - https:\/\/yoast.com\/wordpress\/plugins\/seo\/ -->\n<title>NOC \u2013 Livre de base - Orion<\/title>\n<meta name=\"robots\" content=\"index, follow, max-snippet:-1, max-image-preview:large, max-video-preview:-1\" \/>\n<link rel=\"canonical\" href=\"https:\/\/orionjdr.fr\/?product=noc-livre-de-base\" \/>\n<meta property=\"og:locale\" content=\"fr_FR\" \/>\n<meta property=\"og:type\" content=\"article\" \/>\n<meta property=\"og:title\" content=\"NOC \u2013 Livre de base - Orion\" \/>\n<meta property=\"og:description\" content=\"VOUS \u00caTES LE DERNIER ESPOIR DE L\u2019HUMANIT\u00c9 La nuit est tomb\u00e9e sur le monde. La Terre a \u00e9t\u00e9 engloutie par l\u2019Artefact, un objet impossible surgi du fond de l\u2019espace et du temps. Il s\u2019est repli\u00e9 sur elle en une \u00e9treinte cosmique, se substituant au ciel et aux \u00e9toiles. Condamn\u00e9e \u00e0 la r\u00e9gression, l\u2019humanit\u00e9 s\u2019est fragment\u00e9e &hellip; NOC \u2013 Livre de base Lire la suite\u00a0\u00bb\" \/>\n<meta property=\"og:url\" content=\"https:\/\/orionjdr.fr\/?product=noc-livre-de-base\" \/>\n<meta property=\"og:site_name\" content=\"Orion\" \/>\n<meta property=\"article:modified_time\" content=\"2025-12-09T11:05:10+00:00\" \/>\n<meta property=\"og:image\" content=\"https:\/\/orionjdr.fr\/wp-content\/uploads\/2023\/08\/WooNOC01.jpg\" \/>\n\t<meta property=\"og:image:width\" content=\"500\" \/>\n\t<meta property=\"og:image:height\" content=\"500\" \/>\n\t<meta property=\"og:image:type\" content=\"image\/jpeg\" \/>\n<meta name=\"twitter:card\" content=\"summary_large_image\" \/>\n<meta name=\"twitter:label1\" content=\"Dur\u00e9e de lecture estim\u00e9e\" \/>\n\t<meta name=\"twitter:data1\" content=\"2 minutes\" \/>\n<script type=\"application\/ld+json\" class=\"yoast-schema-graph\">{\"@context\":\"https:\/\/schema.org\",\"@graph\":[{\"@type\":\"WebPage\",\"@id\":\"https:\/\/orionjdr.fr\/?product=noc-livre-de-base\",\"url\":\"https:\/\/orionjdr.fr\/?product=noc-livre-de-base\",\"name\":\"NOC \u2013 Livre de base - Orion\",\"isPartOf\":{\"@id\":\"https:\/\/orionjdr.fr\/#website\"},\"datePublished\":\"2023-08-26T16:10:01+00:00\",\"dateModified\":\"2025-12-09T11:05:10+00:00\",\"breadcrumb\":{\"@id\":\"https:\/\/orionjdr.fr\/?product=noc-livre-de-base#breadcrumb\"},\"inLanguage\":\"fr-FR\",\"potentialAction\":[{\"@type\":\"ReadAction\",\"target\":[\"https:\/\/orionjdr.fr\/?product=noc-livre-de-base\"]}]},{\"@type\":\"BreadcrumbList\",\"@id\":\"https:\/\/orionjdr.fr\/?product=noc-livre-de-base#breadcrumb\",\"itemListElement\":[{\"@type\":\"ListItem\",\"position\":1,\"name\":\"Accueil\",\"item\":\"https:\/\/orionjdr.fr\/\"},{\"@type\":\"ListItem\",\"position\":2,\"name\":\"Boutique\",\"item\":\"https:\/\/orionjdr.fr\/?page_id=208\"},{\"@type\":\"ListItem\",\"position\":3,\"name\":\"NOC \u2013 Livre de base\"}]},{\"@type\":\"WebSite\",\"@id\":\"https:\/\/orionjdr.fr\/#website\",\"url\":\"https:\/\/orionjdr.fr\/\",\"name\":\"Orion JdR\",\"description\":\"Auteur JdR Freelance, Blogger, MJ Pro\",\"potentialAction\":[{\"@type\":\"SearchAction\",\"target\":{\"@type\":\"EntryPoint\",\"urlTemplate\":\"https:\/\/orionjdr.fr\/?s={search_term_string}\"},\"query-input\":\"required name=search_term_string\"}],\"inLanguage\":\"fr-FR\"}]}<\/script>\n<!-- \/ Yoast SEO plugin. -->","yoast_head_json":{"title":"NOC \u2013 Livre de base - Orion","robots":{"index":"index","follow":"follow","max-snippet":"max-snippet:-1","max-image-preview":"max-image-preview:large","max-video-preview":"max-video-preview:-1"},"canonical":"https:\/\/orionjdr.fr\/?product=noc-livre-de-base","og_locale":"fr_FR","og_type":"article","og_title":"NOC \u2013 Livre de base - Orion","og_description":"VOUS \u00caTES LE DERNIER ESPOIR DE L\u2019HUMANIT\u00c9 La nuit est tomb\u00e9e sur le monde. La Terre a \u00e9t\u00e9 engloutie par l\u2019Artefact, un objet impossible surgi du fond de l\u2019espace et du temps. Il s\u2019est repli\u00e9 sur elle en une \u00e9treinte cosmique, se substituant au ciel et aux \u00e9toiles. Condamn\u00e9e \u00e0 la r\u00e9gression, l\u2019humanit\u00e9 s\u2019est fragment\u00e9e &hellip; NOC \u2013 Livre de base Lire la suite\u00a0\u00bb","og_url":"https:\/\/orionjdr.fr\/?product=noc-livre-de-base","og_site_name":"Orion","article_modified_time":"2025-12-09T11:05:10+00:00","og_image":[{"width":500,"height":500,"url":"https:\/\/orionjdr.fr\/wp-content\/uploads\/2023\/08\/WooNOC01.jpg","type":"image\/jpeg"}],"twitter_card":"summary_large_image","twitter_misc":{"Dur\u00e9e de lecture estim\u00e9e":"2 minutes"},"schema":{"@context":"https:\/\/schema.org","@graph":[{"@type":"WebPage","@id":"https:\/\/orionjdr.fr\/?product=noc-livre-de-base","url":"https:\/\/orionjdr.fr\/?product=noc-livre-de-base","name":"NOC \u2013 Livre de base - Orion","isPartOf":{"@id":"https:\/\/orionjdr.fr\/#website"},"datePublished":"2023-08-26T16:10:01+00:00","dateModified":"2025-12-09T11:05:10+00:00","breadcrumb":{"@id":"https:\/\/orionjdr.fr\/?product=noc-livre-de-base#breadcrumb"},"inLanguage":"fr-FR","potentialAction":[{"@type":"ReadAction","target":["https:\/\/orionjdr.fr\/?product=noc-livre-de-base"]}]},{"@type":"BreadcrumbList","@id":"https:\/\/orionjdr.fr\/?product=noc-livre-de-base#breadcrumb","itemListElement":[{"@type":"ListItem","position":1,"name":"Accueil","item":"https:\/\/orionjdr.fr\/"},{"@type":"ListItem","position":2,"name":"Boutique","item":"https:\/\/orionjdr.fr\/?page_id=208"},{"@type":"ListItem","position":3,"name":"NOC \u2013 Livre de base"}]},{"@type":"WebSite","@id":"https:\/\/orionjdr.fr\/#website","url":"https:\/\/orionjdr.fr\/","name":"Orion JdR","description":"Auteur JdR Freelance, Blogger, MJ Pro","potentialAction":[{"@type":"SearchAction","target":{"@type":"EntryPoint","urlTemplate":"https:\/\/orionjdr.fr\/?s={search_term_string}"},"query-input":"required name=search_term_string"}],"inLanguage":"fr-FR"}]}},"_links":{"self":[{"href":"https:\/\/orionjdr.fr\/index.php?rest_route=\/wp\/v2\/product\/244"}],"collection":[{"href":"https:\/\/orionjdr.fr\/index.php?rest_route=\/wp\/v2\/product"}],"about":[{"href":"https:\/\/orionjdr.fr\/index.php?rest_route=\/wp\/v2\/types\/product"}],"replies":[{"embeddable":true,"href":"https:\/\/orionjdr.fr\/index.php?rest_route=%2Fwp%2Fv2%2Fcomments&post=244"}],"wp:featuredmedia":[{"embeddable":true,"href":"https:\/\/orionjdr.fr\/index.php?rest_route=\/wp\/v2\/media\/242"}],"wp:attachment":[{"href":"https:\/\/orionjdr.fr\/index.php?rest_route=%2Fwp%2Fv2%2Fmedia&parent=244"}],"wp:term":[{"taxonomy":"product_cat","embeddable":true,"href":"https:\/\/orionjdr.fr\/index.php?rest_route=%2Fwp%2Fv2%2Fproduct_cat&post=244"},{"taxonomy":"product_tag","embeddable":true,"href":"https:\/\/orionjdr.fr\/index.php?rest_route=%2Fwp%2Fv2%2Fproduct_tag&post=244"}],"curies":[{"name":"wp","href":"https:\/\/api.w.org\/{rel}","templated":true}]}}