{"id":379,"date":"2023-09-24T20:57:32","date_gmt":"2023-09-24T18:57:32","guid":{"rendered":"https:\/\/orionjdr.fr\/?page_id=379"},"modified":"2023-09-24T21:25:59","modified_gmt":"2023-09-24T19:25:59","slug":"midnight-resistance","status":"publish","type":"page","link":"https:\/\/orionjdr.fr\/?page_id=379","title":{"rendered":"MIDNIGHT : RESISTANCE"},"content":{"rendered":"\n<figure class=\"wp-block-image aligncenter size-large\"><img decoding=\"async\" loading=\"lazy\" width=\"1024\" height=\"474\" src=\"https:\/\/orionjdr.fr\/wp-content\/uploads\/2023\/09\/midnight-5e-header-1024x474.jpg\" alt=\"\" class=\"wp-image-384\" srcset=\"https:\/\/orionjdr.fr\/wp-content\/uploads\/2023\/09\/midnight-5e-header-1024x474.jpg 1024w, https:\/\/orionjdr.fr\/wp-content\/uploads\/2023\/09\/midnight-5e-header-300x139.jpg 300w, https:\/\/orionjdr.fr\/wp-content\/uploads\/2023\/09\/midnight-5e-header-768x355.jpg 768w, https:\/\/orionjdr.fr\/wp-content\/uploads\/2023\/09\/midnight-5e-header-1320x611.jpg 1320w, https:\/\/orionjdr.fr\/wp-content\/uploads\/2023\/09\/midnight-5e-header-600x278.jpg 600w, https:\/\/orionjdr.fr\/wp-content\/uploads\/2023\/09\/midnight-5e-header.jpg 1400w\" sizes=\"(max-width: 1024px) 100vw, 1024px\" \/><\/figure>\n\n\n\n<h2 class=\"wp-block-heading\">Qu&#8217;est ce que Midnight ?<\/h2>\n\n\n\n<p>Un si\u00e8cle s\u2019est \u00e9coul\u00e9 depuis que l\u2019Ombre s\u2019est abattue.<br>Il y a cent ans, les forces des t\u00e9n\u00e8bres ont d\u00e9ferl\u00e9 du nord. Elles ont \u00e9cras\u00e9 les cit\u00e9s libres des humains, repouss\u00e9 les elfes jusqu\u2019au c\u0153ur des for\u00eats et assi\u00e9g\u00e9 les nains dans leurs forteresses des montagnes. \u00c0 pr\u00e9sent, les lieutenants corrompus d\u2019un dieu sombre contr\u00f4lent d\u2019une main de fer les royaumes bris\u00e9s et traquent les quelques braves qui se dressent encore contre la barbarie d\u00e9vorant leur monde\u2026<\/p>\n\n\n\n<p><em>Midnight<\/em> vous invite \u00e0 incarner des h\u00e9ros engag\u00e9s dans une lutte d\u00e9sesp\u00e9r\u00e9e contre les forces du mal. Un conflit dont la funeste issue para\u00eet totalement in\u00e9luctable.<\/p>\n\n\n\n<hr class=\"wp-block-separator has-alpha-channel-opacity\"\/>\n\n\n\n<h2 class=\"wp-block-heading\">D\u00e9couvrir Midnight : R\u00e9sistance<\/h2>\n\n\n\n<p><em>Midnight : R\u00e9sistance<\/em> est anim\u00e9e par deux Meneurs de Jeu, utilise le syst\u00e8me de jeu de Forbidden Lands adapt\u00e9 \u00e0 la sauve Midnight, et se d\u00e9roule en mode <em>West Marches<\/em>. Ce mode de jeu permet \u00e0 des joueurs de participer quand ils en ont envie aux parties propos\u00e9es, chaque session \u00e9tant ind\u00e9pendante. Ainsi, il n&#8217;est pas n\u00e9cessaire d&#8217;avoir suivi les \u00e9pisodes pr\u00e9c\u00e9dents pour pouvoir jouer. Une vingtaine de joueurs et joueuses se sont lanc\u00e9s dans l&#8217;aventure.<\/p>\n\n\n\n<div class=\"wp-block-columns is-layout-flex wp-container-3 wp-block-columns-is-layout-flex\">\n<div class=\"wp-block-column is-layout-flow wp-block-column-is-layout-flow\">\n<p><strong>Cette campagne est ouverte \u00e0 tous et gratuite<\/strong>. Elle se d\u00e9roule sur le Discord de la Constellation d&#8217;Orion, sur le principe de sessions one shot : vous jouez quand vous voulez, si vous voulez. Rejoignez les rangs des R\u00e9sistants qui osent se dresser contre le Dieu mal\u00e9fique !<\/p>\n<\/div>\n\n\n\n<div class=\"wp-block-column is-layout-flow wp-block-column-is-layout-flow\">\n<ul>\n<li>Cliquez sur le lien pour rejoindre la Constellation : <a href=\"https:\/\/discord.gg\/rHWQBQP8Bk\" target=\"_blank\" rel=\"noreferrer noopener\">https:\/\/discord.gg\/rHWQBQP8Bk<\/a><\/li>\n\n\n\n<li>D\u00e9couvrez Midnight R\u00e9sistance \u00e0 travers le site Kanka : <a href=\"https:\/\/kanka.io\/fr\/campaign\/183349\">https:\/\/kanka.io\/fr\/campaign\/18334<\/a><a href=\"https:\/\/kanka.io\/fr\/campaign\/183349\" target=\"_blank\" rel=\"noreferrer noopener\">9<\/a><\/li>\n<\/ul>\n<\/div>\n<\/div>\n","protected":false},"excerpt":{"rendered":"<p>Qu&#8217;est ce que Midnight ? Un si\u00e8cle s\u2019est \u00e9coul\u00e9 depuis que l\u2019Ombre s\u2019est abattue.Il y a cent ans, les forces des t\u00e9n\u00e8bres ont d\u00e9ferl\u00e9 du nord. Elles ont \u00e9cras\u00e9 les cit\u00e9s libres des humains, repouss\u00e9 les elfes jusqu\u2019au c\u0153ur des for\u00eats et assi\u00e9g\u00e9 les nains dans leurs forteresses des montagnes. \u00c0 pr\u00e9sent, les lieutenants corrompus &hellip;<\/p>\n<p class=\"read-more\"> <a class=\"\" href=\"https:\/\/orionjdr.fr\/?page_id=379\"> <span class=\"screen-reader-text\">MIDNIGHT : RESISTANCE<\/span> Lire la suite\u00a0\u00bb<\/a><\/p>\n","protected":false},"author":1,"featured_media":0,"parent":375,"menu_order":0,"comment_status":"closed","ping_status":"closed","template":"","meta":{"site-sidebar-layout":"default","site-content-layout":"","ast-site-content-layout":"","site-content-style":"default","site-sidebar-style":"default","ast-global-header-display":"","ast-banner-title-visibility":"","ast-main-header-display":"","ast-hfb-above-header-display":"","ast-hfb-below-header-display":"","ast-hfb-mobile-header-display":"","site-post-title":"","ast-breadcrumbs-content":"","ast-featured-img":"","footer-sml-layout":"","theme-transparent-header-meta":"","adv-header-id-meta":"","stick-header-meta":"","header-above-stick-meta":"","header-main-stick-meta":"","header-below-stick-meta":"","astra-migrate-meta-layouts":"","footnotes":""},"yoast_head":"<!-- This site is optimized with the Yoast SEO plugin v21.2 - https:\/\/yoast.com\/wordpress\/plugins\/seo\/ -->\n<title>MIDNIGHT : RESISTANCE - Orion<\/title>\n<meta name=\"robots\" content=\"index, follow, max-snippet:-1, max-image-preview:large, max-video-preview:-1\" \/>\n<link rel=\"canonical\" href=\"https:\/\/orionjdr.fr\/?page_id=379\" \/>\n<meta property=\"og:locale\" content=\"fr_FR\" \/>\n<meta property=\"og:type\" content=\"article\" \/>\n<meta property=\"og:title\" content=\"MIDNIGHT : RESISTANCE - Orion\" \/>\n<meta property=\"og:description\" content=\"Qu&#8217;est ce que Midnight ? Un si\u00e8cle s\u2019est \u00e9coul\u00e9 depuis que l\u2019Ombre s\u2019est abattue.Il y a cent ans, les forces des t\u00e9n\u00e8bres ont d\u00e9ferl\u00e9 du nord. Elles ont \u00e9cras\u00e9 les cit\u00e9s libres des humains, repouss\u00e9 les elfes jusqu\u2019au c\u0153ur des for\u00eats et assi\u00e9g\u00e9 les nains dans leurs forteresses des montagnes. \u00c0 pr\u00e9sent, les lieutenants corrompus &hellip; MIDNIGHT : RESISTANCE Lire la suite\u00a0\u00bb\" \/>\n<meta property=\"og:url\" content=\"https:\/\/orionjdr.fr\/?page_id=379\" \/>\n<meta property=\"og:site_name\" content=\"Orion\" \/>\n<meta property=\"article:modified_time\" content=\"2023-09-24T19:25:59+00:00\" \/>\n<meta property=\"og:image\" content=\"https:\/\/orionjdr.fr\/wp-content\/uploads\/2023\/09\/midnight-5e-header-1024x474.jpg\" \/>\n<meta name=\"twitter:card\" content=\"summary_large_image\" \/>\n<meta name=\"twitter:label1\" content=\"Dur\u00e9e de lecture estim\u00e9e\" \/>\n\t<meta name=\"twitter:data1\" content=\"2 minutes\" \/>\n<script type=\"application\/ld+json\" class=\"yoast-schema-graph\">{\"@context\":\"https:\/\/schema.org\",\"@graph\":[{\"@type\":\"WebPage\",\"@id\":\"https:\/\/orionjdr.fr\/?page_id=379\",\"url\":\"https:\/\/orionjdr.fr\/?page_id=379\",\"name\":\"MIDNIGHT : RESISTANCE - Orion\",\"isPartOf\":{\"@id\":\"https:\/\/orionjdr.fr\/#website\"},\"datePublished\":\"2023-09-24T18:57:32+00:00\",\"dateModified\":\"2023-09-24T19:25:59+00:00\",\"breadcrumb\":{\"@id\":\"https:\/\/orionjdr.fr\/?page_id=379#breadcrumb\"},\"inLanguage\":\"fr-FR\",\"potentialAction\":[{\"@type\":\"ReadAction\",\"target\":[\"https:\/\/orionjdr.fr\/?page_id=379\"]}]},{\"@type\":\"BreadcrumbList\",\"@id\":\"https:\/\/orionjdr.fr\/?page_id=379#breadcrumb\",\"itemListElement\":[{\"@type\":\"ListItem\",\"position\":1,\"name\":\"Accueil\",\"item\":\"https:\/\/orionjdr.fr\/\"},{\"@type\":\"ListItem\",\"position\":2,\"name\":\"Campagnes JdR\",\"item\":\"https:\/\/orionjdr.fr\/?page_id=375\"},{\"@type\":\"ListItem\",\"position\":3,\"name\":\"MIDNIGHT : RESISTANCE\"}]},{\"@type\":\"WebSite\",\"@id\":\"https:\/\/orionjdr.fr\/#website\",\"url\":\"https:\/\/orionjdr.fr\/\",\"name\":\"Orion JdR\",\"description\":\"Auteur JdR Freelance, Blogger, MJ Pro\",\"potentialAction\":[{\"@type\":\"SearchAction\",\"target\":{\"@type\":\"EntryPoint\",\"urlTemplate\":\"https:\/\/orionjdr.fr\/?s={search_term_string}\"},\"query-input\":\"required name=search_term_string\"}],\"inLanguage\":\"fr-FR\"}]}<\/script>\n<!-- \/ Yoast SEO plugin. -->","yoast_head_json":{"title":"MIDNIGHT : RESISTANCE - Orion","robots":{"index":"index","follow":"follow","max-snippet":"max-snippet:-1","max-image-preview":"max-image-preview:large","max-video-preview":"max-video-preview:-1"},"canonical":"https:\/\/orionjdr.fr\/?page_id=379","og_locale":"fr_FR","og_type":"article","og_title":"MIDNIGHT : RESISTANCE - Orion","og_description":"Qu&#8217;est ce que Midnight ? Un si\u00e8cle s\u2019est \u00e9coul\u00e9 depuis que l\u2019Ombre s\u2019est abattue.Il y a cent ans, les forces des t\u00e9n\u00e8bres ont d\u00e9ferl\u00e9 du nord. Elles ont \u00e9cras\u00e9 les cit\u00e9s libres des humains, repouss\u00e9 les elfes jusqu\u2019au c\u0153ur des for\u00eats et assi\u00e9g\u00e9 les nains dans leurs forteresses des montagnes. \u00c0 pr\u00e9sent, les lieutenants corrompus &hellip; MIDNIGHT : RESISTANCE Lire la suite\u00a0\u00bb","og_url":"https:\/\/orionjdr.fr\/?page_id=379","og_site_name":"Orion","article_modified_time":"2023-09-24T19:25:59+00:00","og_image":[{"url":"https:\/\/orionjdr.fr\/wp-content\/uploads\/2023\/09\/midnight-5e-header-1024x474.jpg"}],"twitter_card":"summary_large_image","twitter_misc":{"Dur\u00e9e de lecture estim\u00e9e":"2 minutes"},"schema":{"@context":"https:\/\/schema.org","@graph":[{"@type":"WebPage","@id":"https:\/\/orionjdr.fr\/?page_id=379","url":"https:\/\/orionjdr.fr\/?page_id=379","name":"MIDNIGHT : RESISTANCE - Orion","isPartOf":{"@id":"https:\/\/orionjdr.fr\/#website"},"datePublished":"2023-09-24T18:57:32+00:00","dateModified":"2023-09-24T19:25:59+00:00","breadcrumb":{"@id":"https:\/\/orionjdr.fr\/?page_id=379#breadcrumb"},"inLanguage":"fr-FR","potentialAction":[{"@type":"ReadAction","target":["https:\/\/orionjdr.fr\/?page_id=379"]}]},{"@type":"BreadcrumbList","@id":"https:\/\/orionjdr.fr\/?page_id=379#breadcrumb","itemListElement":[{"@type":"ListItem","position":1,"name":"Accueil","item":"https:\/\/orionjdr.fr\/"},{"@type":"ListItem","position":2,"name":"Campagnes JdR","item":"https:\/\/orionjdr.fr\/?page_id=375"},{"@type":"ListItem","position":3,"name":"MIDNIGHT : RESISTANCE"}]},{"@type":"WebSite","@id":"https:\/\/orionjdr.fr\/#website","url":"https:\/\/orionjdr.fr\/","name":"Orion JdR","description":"Auteur JdR Freelance, Blogger, MJ Pro","potentialAction":[{"@type":"SearchAction","target":{"@type":"EntryPoint","urlTemplate":"https:\/\/orionjdr.fr\/?s={search_term_string}"},"query-input":"required name=search_term_string"}],"inLanguage":"fr-FR"}]}},"_links":{"self":[{"href":"https:\/\/orionjdr.fr\/index.php?rest_route=\/wp\/v2\/pages\/379"}],"collection":[{"href":"https:\/\/orionjdr.fr\/index.php?rest_route=\/wp\/v2\/pages"}],"about":[{"href":"https:\/\/orionjdr.fr\/index.php?rest_route=\/wp\/v2\/types\/page"}],"author":[{"embeddable":true,"href":"https:\/\/orionjdr.fr\/index.php?rest_route=\/wp\/v2\/users\/1"}],"replies":[{"embeddable":true,"href":"https:\/\/orionjdr.fr\/index.php?rest_route=%2Fwp%2Fv2%2Fcomments&post=379"}],"version-history":[{"count":3,"href":"https:\/\/orionjdr.fr\/index.php?rest_route=\/wp\/v2\/pages\/379\/revisions"}],"predecessor-version":[{"id":413,"href":"https:\/\/orionjdr.fr\/index.php?rest_route=\/wp\/v2\/pages\/379\/revisions\/413"}],"up":[{"embeddable":true,"href":"https:\/\/orionjdr.fr\/index.php?rest_route=\/wp\/v2\/pages\/375"}],"wp:attachment":[{"href":"https:\/\/orionjdr.fr\/index.php?rest_route=%2Fwp%2Fv2%2Fmedia&parent=379"}],"curies":[{"name":"wp","href":"https:\/\/api.w.org\/{rel}","templated":true}]}}